{"id":3530,"date":"2021-06-03T12:12:59","date_gmt":"2021-06-03T10:12:59","guid":{"rendered":"https:\/\/wodniacy.mikolow.zhp.pl\/?page_id=3530"},"modified":"2023-10-21T15:11:25","modified_gmt":"2023-10-21T13:11:25","slug":"galeria-2021","status":"publish","type":"page","link":"https:\/\/wodniacy.mikolow.zhp.pl\/index.php\/galeria\/galeria-2021\/","title":{"rendered":"Galeria &#8211; 2021"},"content":{"rendered":"<ul>\n<li><a href=\"https:\/\/photos.app.goo.gl\/wGGqDnCbJydNcXxa7\">Zbi\u00f3rki wigilijne &#8211; 17\/18.12.21<\/a><\/li>\n<li><a href=\"https:\/\/photos.app.goo.gl\/c4A48YjKmns3kCMk6\">Zobowi\u0105zanie instruktorskie Kingi i Marcina &#8211; 18.12.21<\/a><\/li>\n<li><a href=\"https:\/\/photos.app.goo.gl\/eNgttfhmSqw9heG36\">Kurs przybocznych &#8211; 11.12.21<\/a><\/li>\n<li><a href=\"https:\/\/photos.app.goo.gl\/HxH1TzkqUSa5h8gK7\">Kurs JSM &#8211; 10.12.21<\/a><\/li>\n<li><a href=\"https:\/\/photos.app.goo.gl\/8iV6U7Zk7Y2dQkBU7\">Biwak HS &#8211; 03\/05.12.21<\/a><\/li>\n<li><a href=\"https:\/\/photos.app.goo.gl\/aDSaF5PXGe9io2FZ9\">JSN &#8211; 20.11.21<\/a><\/li>\n<li><a href=\"https:\/\/photos.app.goo.gl\/9tjyrEsNCnwqmXWM7\">IV Regaty Niepodleg\u0142o\u015bci &#8211; 11.11.21<\/a><\/li>\n<li><a href=\"https:\/\/photos.app.goo.gl\/f6mRKPoxWhfLPq4J9\">Egzamin \u017beglarz Jachtowy &#8211; 06.11.21<\/a><\/li>\n<li><a href=\"https:\/\/photos.app.goo.gl\/WJqQVSeFWNFRxk9i7\">Zbi\u00f3rka Jung\u00f3w &#8211; 06.11.21<\/a><\/li>\n<li><a href=\"https:\/\/photos.app.goo.gl\/S6dFv5apkgDCj9o38\">Zbi\u00f3rka Jung\u00f3w &#8211; 23.10.21<\/a><\/li>\n<li><a href=\"https:\/\/photos.app.goo.gl\/PWkWE7iUEvykMq5a6\">Przyznanie Patentu Flagowego &#8211; 10.10.21<\/a><\/li>\n<li><a href=\"https:\/\/photos.app.goo.gl\/rn8TkCP2SG4fk3zz7\">Fina\u0142 wsp\u00f3\u0142zawodnictwa o Proporzec Leonida Teligi &#8211; 08\/10.10.21<\/a><\/li>\n<li><a href=\"https:\/\/photos.app.goo.gl\/UrALTZZ5A3Ccpsg68\">Zobowi\u0105zanie Micha\u0142a &#8211; 10.10.21<\/a><\/li>\n<li><a href=\"https:\/\/photos.app.goo.gl\/Xu6UfSkZsY3a4sXf8\">Rejs Ba\u0142tycki &#8211; 14\/28.08.21<\/a><\/li>\n<li><a href=\"https:\/\/photos.app.goo.gl\/4pcMhzU7itpDqZvS6\">Rejs Mazurski HS &#8211; 10\/17.07.21<\/a><\/li>\n<li><a href=\"https:\/\/photos.app.goo.gl\/z5kX11AHDgMAP6kZ8\">Ob\u00f3z Sucha Rzeczka &#8211; HAL 2021<\/a><\/li>\n<li><a href=\"https:\/\/photos.app.goo.gl\/8AJ9D6VJn7dzGJNz9\">Memoria\u0142 kpt. Henryka Jasku\u0142y &#8211; 12.06.21<\/a><\/li>\n<li><a href=\"https:\/\/photos.app.goo.gl\/XjY1SidG99n54vKg7\">Nadanie naramiennika w\u0119drowniczego &#8211; 11.06.21<\/a><\/li>\n<li><a href=\"https:\/\/photos.app.goo.gl\/6ukVRUBaDreRZNd37\">Biwak Olza &#8211; 29\/30.05.21<\/a><\/li>\n<li><a href=\"https:\/\/photos.app.goo.gl\/isR7tzkWkfoqd7in7\">Apel LVII OSW &#8211; 23.05.21<\/a><\/li>\n<li><a href=\"https:\/\/photos.app.goo.gl\/9F59hdiY5NKCLYeG8\">Inauguracja LVII OSW &#8211; 16.05.21<\/a><\/li>\n<li><a href=\"https:\/\/photos.app.goo.gl\/iGdtPs5qu11h4jiS8\">Eskimo Ch.\u015al. &#8211; 27.02.21<\/a><\/li>\n<li><a href=\"https:\/\/photos.app.goo.gl\/Y7fdnc3Mhu97T2D69\">Eskimo Bia\u0142a Przemsza &#8211; 22.02.21<\/a><\/li>\n<\/ul>\n","protected":false},"excerpt":{"rendered":"<p>Zbi\u00f3rki wigilijne &#8211; 17\/18.12.21 Zobowi\u0105zanie instruktorskie Kingi i Marcina &#8211; 18.12.21 Kurs przybocznych &#8211; 11.12.21 Kurs JSM &#8211; 10.12.21 Biwak HS &#8211; 03\/05.12.21 JSN &#8211; 20.11.21 IV Regaty Niepodleg\u0142o\u015bci &#8211; 11.11.21 Egzamin \u017beglarz Jachtowy &#8211; 06.11.21 Zbi\u00f3rka Jung\u00f3w &#8211; 06.11.21 Zbi\u00f3rka Jung\u00f3w &#8211; 23.10.21 Przyznanie Patentu Flagowego &#8211; 10.10.21 Fina\u0142 wsp\u00f3\u0142zawodnictwa o Proporzec Leonida Teligi [&hellip;]<\/p>\n","protected":false},"author":4,"featured_media":0,"parent":2014,"menu_order":0,"comment_status":"closed","ping_status":"closed","template":"","meta":{"footnotes":""},"class_list":["post-3530","page","type-page","status-publish","czr-hentry"],"_links":{"self":[{"href":"https:\/\/wodniacy.mikolow.zhp.pl\/index.php\/wp-json\/wp\/v2\/pages\/3530","targetHints":{"allow":["GET"]}}],"collection":[{"href":"https:\/\/wodniacy.mikolow.zhp.pl\/index.php\/wp-json\/wp\/v2\/pages"}],"about":[{"href":"https:\/\/wodniacy.mikolow.zhp.pl\/index.php\/wp-json\/wp\/v2\/types\/page"}],"author":[{"embeddable":true,"href":"https:\/\/wodniacy.mikolow.zhp.pl\/index.php\/wp-json\/wp\/v2\/users\/4"}],"replies":[{"embeddable":true,"href":"https:\/\/wodniacy.mikolow.zhp.pl\/index.php\/wp-json\/wp\/v2\/comments?post=3530"}],"version-history":[{"count":14,"href":"https:\/\/wodniacy.mikolow.zhp.pl\/index.php\/wp-json\/wp\/v2\/pages\/3530\/revisions"}],"predecessor-version":[{"id":3717,"href":"https:\/\/wodniacy.mikolow.zhp.pl\/index.php\/wp-json\/wp\/v2\/pages\/3530\/revisions\/3717"}],"up":[{"embeddable":true,"href":"https:\/\/wodniacy.mikolow.zhp.pl\/index.php\/wp-json\/wp\/v2\/pages\/2014"}],"wp:attachment":[{"href":"https:\/\/wodniacy.mikolow.zhp.pl\/index.php\/wp-json\/wp\/v2\/media?parent=3530"}],"curies":[{"name":"wp","href":"https:\/\/api.w.org\/{rel}","templated":true}]}}