{"id":36,"date":"2016-10-29T00:14:33","date_gmt":"2016-10-28T22:14:33","guid":{"rendered":"http:\/\/wodniacy.mikolow.zhp.pl\/?page_id=36"},"modified":"2023-10-21T13:53:02","modified_gmt":"2023-10-21T11:53:02","slug":"system-stopni-harcerskich","status":"publish","type":"page","link":"https:\/\/wodniacy.mikolow.zhp.pl\/index.php\/system-stopni-harcerskich\/","title":{"rendered":"System stopni harcerskich"},"content":{"rendered":"<p style=\"text-align: left;\">Dla ka\u017cdego harcerza i harcerki <strong>stopie\u0144 jest wyzwaniem<\/strong>, kt\u00f3re pozwala zmierzy\u0107 si\u0119 z samym sob\u0105. Kolejne stopnie wskazuj\u0105 im po\u017c\u0105dane cechy charakteru i wyznaczaj\u0105 etapy osi\u0105gni\u0119\u0107 \u017cyciowych. <strong>Stopie\u0144 jest tak\u017ce celem<\/strong>, kt\u00f3rego osi\u0105gni\u0119cie jest dostrzegane w \u015brodowisku. Czas zdobywania stopnia nazywamy pr\u00f3b\u0105, bo daje <strong>mo\u017cliwo\u015b\u0107 sprawdzenia siebie<\/strong>, wykazania si\u0119 w konkretnym dzia\u0142aniu postaw\u0105, wiedz\u0105 i umiej\u0119tno\u015bciami. Kolejne stopnie i pr\u00f3by prowadz\u0105ce do nich dopasowane s\u0105 dla harcerek i harcerzy w okre\u015blonym wieku.<\/p>\n<p style=\"text-align: left;\">Dla dru\u017cynowych stopnie harcerskie s\u0105 <strong>instrumentem wychowawczym<\/strong>, czyli \u015brodkiem, za pomoc\u0105 kt\u00f3rego realizuj\u0105 podstawowy program harcerskiego wychowania i uwzgl\u0119dniaj\u0105 indywidualny rozw\u00f3j harcerki i harcerza. Przez zdobywanie stopni dru\u017cynowi wprowadzaj\u0105 harcerki i harcerzy na drog\u0119<strong> systematycznej pracy nad sob\u0105<\/strong>, ucz\u0105 ich pokonywania kolejnych prog\u00f3w i \u0142\u0105czenia w\u0142asnych d\u0105\u017ce\u0144 z dzia\u0142aniem w zespole.<\/p>\n<p>\u00a0<img loading=\"lazy\" decoding=\"async\" class=\"aligncenter size-full wp-image-985\" src=\"https:\/\/wodniacy.mikolow.zhp.pl\/wp-content\/uploads\/2018\/02\/patki-01.png\" alt=\"\" width=\"1920\" height=\"1080\" srcset=\"https:\/\/wodniacy.mikolow.zhp.pl\/wp-content\/uploads\/2018\/02\/patki-01.png 1920w, https:\/\/wodniacy.mikolow.zhp.pl\/wp-content\/uploads\/2018\/02\/patki-01-300x169.png 300w, https:\/\/wodniacy.mikolow.zhp.pl\/wp-content\/uploads\/2018\/02\/patki-01-768x432.png 768w, https:\/\/wodniacy.mikolow.zhp.pl\/wp-content\/uploads\/2018\/02\/patki-01-1024x576.png 1024w, https:\/\/wodniacy.mikolow.zhp.pl\/wp-content\/uploads\/2018\/02\/patki-01-1110x624.png 1110w, https:\/\/wodniacy.mikolow.zhp.pl\/wp-content\/uploads\/2018\/02\/patki-01-528x297.png 528w\" sizes=\"auto, (max-width: 1920px) 100vw, 1920px\" \/><\/p>\n","protected":false},"excerpt":{"rendered":"<p>Dla ka\u017cdego harcerza i harcerki stopie\u0144 jest wyzwaniem, kt\u00f3re pozwala zmierzy\u0107 si\u0119 z samym sob\u0105. Kolejne stopnie wskazuj\u0105 im po\u017c\u0105dane cechy charakteru i wyznaczaj\u0105 etapy osi\u0105gni\u0119\u0107 \u017cyciowych. Stopie\u0144 jest tak\u017ce celem, kt\u00f3rego osi\u0105gni\u0119cie jest dostrzegane w \u015brodowisku. Czas zdobywania stopnia nazywamy pr\u00f3b\u0105, bo daje mo\u017cliwo\u015b\u0107 sprawdzenia siebie, wykazania si\u0119 w konkretnym dzia\u0142aniu postaw\u0105, wiedz\u0105 i [&hellip;]<\/p>\n","protected":false},"author":4,"featured_media":699,"parent":0,"menu_order":4,"comment_status":"closed","ping_status":"closed","template":"","meta":{"footnotes":""},"class_list":["post-36","page","type-page","status-publish","has-post-thumbnail","czr-hentry"],"_links":{"self":[{"href":"https:\/\/wodniacy.mikolow.zhp.pl\/index.php\/wp-json\/wp\/v2\/pages\/36","targetHints":{"allow":["GET"]}}],"collection":[{"href":"https:\/\/wodniacy.mikolow.zhp.pl\/index.php\/wp-json\/wp\/v2\/pages"}],"about":[{"href":"https:\/\/wodniacy.mikolow.zhp.pl\/index.php\/wp-json\/wp\/v2\/types\/page"}],"author":[{"embeddable":true,"href":"https:\/\/wodniacy.mikolow.zhp.pl\/index.php\/wp-json\/wp\/v2\/users\/4"}],"replies":[{"embeddable":true,"href":"https:\/\/wodniacy.mikolow.zhp.pl\/index.php\/wp-json\/wp\/v2\/comments?post=36"}],"version-history":[{"count":15,"href":"https:\/\/wodniacy.mikolow.zhp.pl\/index.php\/wp-json\/wp\/v2\/pages\/36\/revisions"}],"predecessor-version":[{"id":3697,"href":"https:\/\/wodniacy.mikolow.zhp.pl\/index.php\/wp-json\/wp\/v2\/pages\/36\/revisions\/3697"}],"wp:featuredmedia":[{"embeddable":true,"href":"https:\/\/wodniacy.mikolow.zhp.pl\/index.php\/wp-json\/wp\/v2\/media\/699"}],"wp:attachment":[{"href":"https:\/\/wodniacy.mikolow.zhp.pl\/index.php\/wp-json\/wp\/v2\/media?parent=36"}],"curies":[{"name":"wp","href":"https:\/\/api.w.org\/{rel}","templated":true}]}}